ivided by 40.
37
Calculate the remainder when 1177 is divided by 60.
37
What is the remainder when 603 is divided by 101?
98
Calculate the remainder when 329 is divided by 84.
77
What is the remainder when 720 is divided by 143?
5
Calculate the remainder when 12 is divided by 4.
0
What is the remainder when 219 is divided by 55?
54
Calculate the remainder when 341 is divided by 19.
18
Calculate the remainder when 2463 is divided by 223.
10
Calculate the remainder when 3056 is divided by 51.
47
What is the remainder when 83 is divided by 29?
25
What is the remainder when 159 is divided by 78?
3
What is the remainder when 999 is divided by 53?
45
What is the remainder when 73 is divided by 11?
7
Calculate the remainder when 1169 is divided by 18.
17
What is the remainder when 8560 is divided by 17?
9
Calculate the remainder when 129 is divided by 6.
3
What is the remainder when 163 is divided by 14?
9
What is the remainder when 966 is divided by 10?
6
Calculate the remainder when 12069 is divided by 34.
33
What is the remainder when 101 is divided by 33?
2
Calculate the remainder when 186 is divided by 32.
26
Calculate the remainder when 475 is divided by 34.
33
What is the remainder when 122 is divided by 27?
14
Calculate the remainder when 70 is divided by 15.
10
What is the remainder when 33 is divided by 16?
1
What is the remainder when 95 is divided by 20?
15
What is the remainder when 128 is divided by 40?
8
What is the remainder when 303 is divided by 51?
48
What is the remainder when 50 is divided by 20?
10
Calculate the remainder when 219 is divided by 14.
9
Calculate the remainder when 153 is divided by 42.
27
What is the remainder when 4967 is divided by 14?
11
Calculate the remainder when 226 is divided by 59.
49
Calculate the remainder when 452 is divided by 59.
39
What is the remainder when 4841 is divided by 15?
11
Calculate the remainder when 441 is divided by 122.
75
What is the remainder when 99383 is divided by 62?
59
What is the remainder when 142 is divided by 106?
36
What is the remainder when 1358 is divided by 8?
6
What is the remainder when 51 is divided by 25?
1
What is the remainder when 1443 is divided by 649?
145
What is the remainder when 137 is divided by 20?
17
Calculate the remainder when 263 is divided by 125.
13
What is the remainder when 160 is divided by 138?
22
What is the remainder when 46 is divided by 41?
5
Calculate the remainder when 301 is divided by 148.
5
Calculate the remainder when 22 is divided by 5.
2
What is the remainder when 106 is divided by 6?
4
Calculate the remainder when 1432 is divided by 565.
302
Calculate the remainder when 529 is divided by 455.
74
Calculate the remainder when 183 is divided by 35.
8
What is the remainder when 3771 is divided by 1873?
25
Calculate the remainder when 179 is divided by 90.
89
What is the remainder when 294 is divided by 60?
54
Calculate the remainder when 456 is divided by 10.
6
What is the remainder when 700 is divided by 8?
4
What is the remainder when 1675 is divided by 35?
30
Calculate the remainder when 972 is divided by 16.
12
Calculate the remainder when 245 is divided by 68.
41
Calculate the remainder when 1059 is divided by 152.
147
Calculate the remainder when 45 is divided by 25.
20
Calculate the remainder when 139 is divided by 12.
7
Calculate the remainder when 5383 is divided by 2685.
13
What is the remainder when 180 is divided by 39?
24
Calculate the remainder when 121 is divided by 36.
13
Calculate the remainder when 580 is divided by 83.
82
What is the remainder when 72 is divided by 38?
34
Calculate the remainder when 337 is divided by 46.
15
Calculate the remainder when 108 is divided by 11.
9
Calculate the remainder when 769 is divided by 78.
67
Calculate the remainder when 123 is divided by 6.
3
Calculate the remainder when 1578 is divided by 157.
8
Calculate the remainder when 24 is divided by 4.
0
Calculate the remainder when 245 is divided by 115.
15
What is the remainder when 206 is divided by 13?
11
What is the remainder when 163 is divided by 163?
0
Calculate the remainder when 965 is divided by 257.
194
What is the remainder when 699 is divided by 343?
13
Calculate the remainder when 594 is divided by 67.
58
What is the remainder when 639 is divided by 139?
83
Calculate the remainder when 13569 is divided by 117.
114
What is the remainder when 232 is divided by 5?
2
Calculate the remainder when 252 is divided by 79.
15
Calculate the remainder when 9656 is divided by 402.
8
Calculate the remainder when 680 is divided by 28.
8
What is the remainder when 677 is divided by 22?
17
Calculate the remainder when 1078 is divided by 83.
82
Calculate the remainder when 2580 is divided by 123.
120
Calculate the remainder when 259 is divided by 29.
27
Calculate the remainder when 86 is divided by 20.
6
Calculate the remainder when 296 is divided by 33.
32
Calculate the remainder when 15344 is divided by 15.
14
What is the remainder when 1723 is divided by 174?
157
What is the remainder when 107 is divided by 31?
14
Calculate the remainder when 318 is divided by 64.
62
Calculate the remainder when 84 is divided by 24.
12
Calculate the remainder when 548 is divided by 24.
20
Calculate the remainder when 2356 is divided by 346.
280
Calculate the remainder when 40 is divided by 11.
7
What is the remainder when 724 is divided by 81?
76
What is the remainder when 1189 is divided by 39?
19
What is the remainder when 187 is divided by 70?
47
Calculate the remainder when 158 is divided by 18.
14
What is the remainder when 998 is divided by 112?
102
Calculate the remainder when 74 is divided by 28.
18
What is the remainder when 1146 is divided by 1143?
3
Calculate the remainder when 15873 is divided by 63.
60
What is the remainder when 6549 is divided by 168?
165
What is the remainder when 439 is divided by 32?
23
Calculate the remainder when 184 is divided by 37.
36
Calculate the remainder when 5657 is divided by 46.
45
What is the remainder when 57 is divided by 37?
20
What is the remainder when 8609 is divided by 33?
29
Calculate the remainder when 1234 is divided by 103.
101
Calculate the remainder when 406 is divided by 114.
64
Calculate the remainder when 157 is divided by 7.
3
What is the remainder when 737 is divided by 57?
53
Calculate the remainder when 25982 is divided by 203.
201
Calculate the remainder when 486 is divided by 163.
160
Calculate the remainder when 6361 is divided by 67.
63
What is the remainder when 18 is divided by 10?
8
Calculate the remainder when 70 is divided by 21.
7
Calculate the remainder when 9 is divided by 3.
0
Calculate the remainder when 199 is divided by 25.
24
What is the remainder when 199 is divided by 71?
57
Calculate the remainder when 63 is divided by 14.
7
Calculate the remainder when 192 is divided by 25.
17
Calculate the remainder when 1106 is divided by 9.
8
What is the remainder when 73 is divided by 11?
7
Calculate the remainder when 6098 is divided by 226.
222
What is the remainder when 506 is divided by 40?
26
What is the remainder when 546 is divided by 108?
6
What is the remainder when 137 is divided by 27?
2
What is the remainder when 57 is divided by 10?
7
Calculate the remainder when 162 is divided by 56.
50
What is the remainder when 980 is divided by 295?
95
What is the remainder when 3175 is divided by 60?
55
Calculate the remainder when 56 is divided by 15.
11
Calculate the remainder when 333 is divided by 123.
87
Calculate the remainder when 26 is divided by 6.
2
What is the remainder when 134 is divided by 129?
5
Calculate the remainder when 97 is divided by 49.
48
What is the remainder when 339 is divided by 26?
1
Calculate the remainder when 553 is divided by 251.
51
Calculate the remainder when 280 is divided by 149.
131
What is the remainder when 91 is divided by 15?
1
What is the remainder when 386 is divided by 94?
10
What is the remainder when 1047 is divided by 15?
12
What is the remainder when 3096 is divided by 135?
126
What is the remainder when 251 is divided by 134?
117
Calculate the remainder when 17 is divided by 5.
2
What is the remainder when 846 is divided by 25?
21
Calculate the remainder when 19431 is divided by 14.
13
What is the remainder when 87 is divid